31))?
3
Let y(w) = 3*w - 8*w**2 - w**3 - 5*w - 4*w**2 + 11. Suppose 0 = 5*t + o + 57, -8*o + 3*o = 5*t + 45. What is the units digit of y(t)?
5
Suppose -3*b + 17 = 5. Let a(x) = x**3 + 10*x**2 + 7*x - 69. Let w be a(-8). Suppose b*t = -w*t + 231. What is the tens digit of t?
3
Let i = -15 + 12. Let f be ((-15)/(-10))/(i/(-8)). Suppose 4*l + 3*s - 124 = 0, l = -s + f*s + 31. What is the tens digit of l?
3
Suppose -j + 14 = -36. Suppose u - 2*u = -j. Suppose -49 = m - 2*m - 4*o, -5*o = m - u. What is the tens digit of m?
4
Suppose 0 = 5*a - 5504 + 2089. Let j = a + -474. What is the units digit of j?
9
Let o = 1 - 5. Let t = 7 + o. Suppose 18 = t*d - 27. What is the tens digit of d?
1
Let f = 65 + -63. Let z be (0 - -2)*1*2. Suppose h - 4*h + 48 = -f*o, -h + 16 = -z*o. What is the units digit of h?
6
Let p(d) = -141*d - 43. What is the tens digit of p(-4)?
2
Suppose m + 0*b = 2*b + 269, -5*b + 290 = m. What is the hundreds digit of m?
2
Suppose -3*d + 4*d = -2. Let n be (-6 + d)/(0 - 1). Suppose -3*r + 19 = -n. What is the units digit of r?
9
Let a be ((-4)/(-14))/(2/14). Suppose 0 = 4*w - 5*y - 289, 0 = -y - a + 5. What is the tens digit of w?
7
Let u = 16 + 91. Suppose -463 = -4*g - u. Suppose -59 - g = -4*v. What is the units digit of v?
7
Let b = 12 - 24. Let s be 83/4 + 1/4. What is the units digit of (-4)/(-2 - s/b)?
6
Let o(i) = -i + 20. Suppose 9 - 45 = 3*x. Let j be o(x). Suppose -3*w = 12, 5*w + j - 4 = y. What is the units digit of y?
8
Let k = 22 + -17. Suppose v - 20 - 29 = 4*c, -2*v = -k*c - 95. Suppose 15 = 2*r - v. What is the units digit of r?
0
Let m = 709 - 360. What is the hundreds digit of m?
3
Let r(m) = m**2 - 2*m + 5. What is the units digit of r(4)?
3
Let d(i) = -i - 1. Let a be d(-7). Suppose -3 = 3*t - 12. Suppose 5*r - 213 = -t*g, -a*g + 2*g = 3*r - 130. What is the tens digit of r?
4
Let s be 18/(-30) + (-69)/(-15). Suppose s*c = -4*c + 984. What is the hundreds digit of c?
1
What is the tens digit of (-12703)/(-16) - (-2)/32?
9
Let j(p) = -8*p + 11. Let o be (-1)/(-4) - (-74)/(-8). What is the units digit of j(o)?
3
Suppose -3*j = -3*y + 12, 3*j = 3*y + 4*j. Suppose -2*b + 0*a + a + y = 0, 5*b - 3*a - 2 = 0. What is the units digit of 4 + (b - (-47 - -2))?
0
Suppose -3*n = 5*g - 1301, 2119 = 34*n - 29*n - 4*g. What is the units digit of n?
7
Suppose p - 65 = -3. Let i = p + -16. Suppose 0 = 5*u - 10, 4*z + 4*u = 42 + i. What is the units digit of z?
0
What is the tens digit of ((-18)/(-4))/((-2)/(-152)) - 2?
4
Suppose -4*i + l + 4054 = 0, 4*i + 2*l - 4062 = -l. What is the tens digit of i/6*2*(-1)/(-2)?
6
What is the tens digit of 187/34 + (-2)/4 + 516?
2
Suppose -5*a = 5*u - 2210, -3*u - a + 1579 - 253 = 0. What is the hundreds digit of u?
4
Let c(v) = 3*v**2 + 5*v + 2. Suppose 0 = 3*b + 1 + 11. Let d be c(b). Suppose -d*m = -27*m - 141. What is the units digit of m?
7
Suppose 11 = 2*u - 13. Suppose 4*i + u = -3*p, 4*p = -0*i - 3*i - 9. Suppose 2*y - 8 + 0 = p. What is the units digit of y?
4
Suppose -7*p - 8 = -9*p. Suppose 40 + 95 = p*y - 3*m, 3*m - 15 = -y. What is the units digit of y?
0
Let y = 1381 - -388. What is the tens digit of y?
6
Suppose -7 = -4*f - 3. Let u(s) = 15*s**2 + 6. Let r(l) = -l**2 - 1. Let p(a) = 5*r(a) + u(a). What is the tens digit of p(f)?
1
Let q be (-9)/6*(-248)/4. Let u be ((-8)/(-12))/(4/384). Let f = q - u. What is the units digit of f?
9
Let m(c) = 7*c**3 + c**2 - 2*c + 1. Let k be m(3). Let a = k + -137. What is the units digit of a?
6
Let a(l) = 7*l + 27. What is the tens digit of a(-2)?
1
Let k(h) = 6*h**2 - 6. Suppose 2*n + 6 = -0, p - 2*n - 9 = 0. What is the units digit of k(p)?
8
Let a be (-2)/(10/1525*5). Let s = a - -100. What is the tens digit of s?
3
Let s(m) = -1214*m - 1723. What is the thousands digit of s(-6)?
5
Suppose 3*x + 3*h = -2*h + 26, 4*x - 58 = 5*h. Suppose -5*k = -23 - x. Let p = k + 25. What is the units digit of p?
2
Let n(l) = l**2 - 5*l - 9. Let s be n(7). Let d(a) = a - 2. Let c be d(s). Suppose -p = 0, -f - c*f - 4*p + 64 = 0. What is the tens digit of f?
1
Let u(m) = -m**3 - m**2 - 2*m - 266. Let g be u(0). What is the tens digit of 0/(-2) + g/(-7)?
3
What is the hundreds digit of (-14424)/(-20)*80/32?
8
What is the tens digit of 12 + 0 + -9 + 4853?
5
What is the units digit of -8 + (149 - (11 - 8))?
8
Let w(o) = 10*o**2 + 49*o - 1. What is the units digit of w(-8)?
7
Suppose -39*s = -38*s - 198. What is the hundreds digit of s?
1
Let a(f) = f**3 - 6*f**2 + 6*f - 6. Let w be a(6). Suppose -4*x + 2*x = -w. What is the tens digit of x?
1
Let g(i) = i + 18. Let a be g(-15). Let u(x) = 2*x**3 - 3*x**2 + 4*x + 3. What is the tens digit of u(a)?
4
Let a(f) = 4*f**2 - 24*f + 172. What is the tens digit of a(13)?
3
Suppose 1882 + 3875 = 3*l. What is the hundreds digit of l?
9
Let s = 12 + -6. Let l(j) = j**2 + 9*j - 6 - s*j - 2*j. What is the tens digit of l(4)?
1
Suppose -17 = -3*b - g, -2*g - 2*g = -20. Suppose -2*u - 15 + 123 = b*x, -2*x - 6 = 0. Suppose -3*a - 5 = -2*a, -3*l = -3*a - u. What is the tens digit of l?
1
Suppose 0 = 40*p - 166025 + 52065. What is the thousands digit of p?
2
Let r be 7 + -6 - ((-240)/(-3) - 1). Let k = 123 + r. What is the tens digit of k?
4
Suppose 51*d = 20109 + 33441. What is the thousands digit of d?
1
Suppose -3*p = 3*c + 51, -2*p - 37 = -5*c - 108. Let y = 31 + c. Let j = y - 8. What is the units digit of j?
8
Let a(c) be the second derivative of -c**5/20 - c**4/4 - 2*c**3/3 + c**2/2 - 17*c. What is the tens digit of a(-4)?
3
Suppose -5*g = 3*m + 52, -m = -4*m + 3. Let d = 44 + g. What is the units digit of d?
3
Let m(h) be the first derivative of 7/3*h**3 - 1/2*h**2 + 1/4*h**4 + 5 + 9*h. What is the units digit of m(-7)?
6
Let g(a) = 5 + 1 + 4 + 23*a - 3. What is the tens digit of g(4)?
9
Let s(y) = 2*y**3 - 4*y**2 + 0*y**2 + 2*y + 2 + 2. Suppose 11 = 2*j - d, 0 = j + 3*j - d - 17. What is the tens digit of s(j)?
2
Suppose -1582 = -4*f - 2*u - 588, 2*u + 1014 = 4*f. What is the units digit of f?
1
Suppose -58877 = 481*l - 494*l. What is the hundreds digit of l?
5
Suppose 82*b - 91*b = -7722. What is the units digit of b?
8
Suppose 4668 = 4*f - 4*s, -3*f - 5*s = -2091 - 1450. What is the thousands digit of f?
1
Let d = 702 + -335. What is the hundreds digit of d?
3
What is the hundreds digit of (-24725)/(-129) - 4/(-3)?
1
Suppose 3*f + 0*f - 9 = 0. Let a be 9/f + -5 + 100. Suppose 4*o + 7 = 3*i + a, -5*o + 107 = 3*i. What is the tens digit of o?
2
Suppose 2*w - 9 = -w. Let y = 24 + -18. Let b = y + w. What is the units digit of b?
9
Let z = -20 - -41. What is the tens digit of 699/z - 4/14?
3
Let k = 10 + 254. What is the tens digit of k?
6
Suppose -2*s + 4*s = 8. Suppose 5*b = -3*g - g + 133, 5*g = s*b + 156. What is the units digit of g?
2
Let m = 36 - 25. Suppose d = -3*l + 21, -5*d + 16 = 2*l - m. What is the units digit of l?
6
Suppose 13*a - 2*a = 12034. What is the hundreds digit of a?
0
Let f = -49 + 47. What is the tens digit of 5*(f + 92/20)?
1
Suppose -10*u = -5757 - 13663. What is the hundreds digit of u?
9
Let p(z) = 2*z + 10. Let l be p(-3). Suppose 0 = -5*g, -5*i - l*g + 688 = 188. What is the tens digit of i?
0
Let l(h) = h**3 + 14*h**2 + 11*h - 28. Let u be l(-13). What is the tens digit of 71 - (77/21 - u/6)?
6
Let c(v) = -7 + 52*v + 8*v**2 + 2 - 46*v + v**3. Let l be c(-7). Suppose -3*r = -l*r - 18. What is the units digit of r?
8
Let w = -234 - -132. What is the tens digit of (-3)/6*1*w?
5
Suppose 3*k + 3*d - 3090 = 1110, 0 = 5*k + 4*d - 7001. Suppose 3*z - 2*z = 5*w - k, 281 = w - z. What is the units digit of w?
0
Suppose -6*q + 8 = -28. Suppose -3*u - 54 = -q*u. What is the units digit of u?
8
Suppose 0 = -4*g + 4 + 16. Suppose -20 = -0*c - g*c. Suppose -5*o + j - 4 + 72 = 0, -3*o + c*j + 34 = 0. What is the units digit of o?
4
Suppose -3*b + 3*t - 98 = -320, 2*b = -3*t + 133. What is the tens digit of b?
7
Suppose -2*z - 6 = -2, 5*s + 1 = -3*z. Let n be 36/s + 9 + -11. Let o = -13 + n. What is the units digit of o?
1
Suppose 1835 = -3*j + 8909. What is the units digit of j?
8
Suppose 8*w - 178 - 1822 = 0. What is the units digit of w?
0
Let j be (21/35)/(2/(-10)). Let t(q) = 8*q**3 - 2*q**2 + 2*q - 1. Let u be t(1). Let g = u - j. What is the tens digit of g?
1
Let a = 30 - 69. Let y = 49 - 